 prime number?
False
Is 14006578 prime?
False
Is 11928299 composite?
False
Is 70253617 prime?
False
Is 32030387 a composite number?
False
Is 3196327 composite?
True
Is 377842609 a composite number?
False
Is 6854921 composite?
False
Is 18616483 composite?
True
Is 47341343 a prime number?
False
Is 512726273 a composite number?
True
Is 1001141 composite?
True
Is 547838477 a composite number?
True
Is 164900171 composite?
False
Is 30680714 a prime number?
False
Is 117153013 prime?
True
Is 2573503 a composite number?
True
Is 547838167 composite?
True
Is 56493409 composite?
True
Is 8237546 composite?
True
Is 364487 prime?
False
Is 72932207 a prime number?
False
Is 277421723 prime?
True
Is 1244339 a composite number?
True
Is 52913321 composite?
False
Is 150287 prime?
True
Is 715333 a composite number?
True
Is 43548241 a composite number?
True
Is 5324437 composite?
False
Is 12438763 a composite number?
True
Is 10811282 composite?
True
Is 6262661 a prime number?
False
Is 12679481 a composite number?
False
Is 51715699 a prime number?
False
Is 105957601 a prime number?
False
Is 9614119 a prime number?
False
Is 75367337 composite?
False
Is 63907439 a composite number?
False
Is 145568531 a prime number?
False
Is 44699363 prime?
True
Is 6465385 a prime number?
False
Is 36364597 prime?
True
Is 10863169 prime?
True
Is 97448227 a prime number?
False
Is 79563083 composite?
True
Is 19544959 a composite number?
True
Is 148744073 composite?
False
Is 1323827 composite?
True
Is 41428567 prime?
False
Is 158590805 composite?
True
Is 30125473 prime?
False
Is 30203053 prime?
True
Is 18401459 composite?
False
Is 72263 prime?
False
Is 568585 prime?
False
Is 2487773 prime?
True
Is 623471 a composite number?
True
Is 4476649 a prime number?
False
Is 8172253 a prime number?
True
Is 4207031 a prime number?
True
Is 5242687 prime?
False
Is 43769417 composite?
False
Is 99901 a composite number?
False
Is 37227667 prime?
False
Is 721732813 a prime number?
True
Is 44150351 a composite number?
True
Is 23898003 a prime number?
False
Is 282127 composite?
False
Is 87063433 composite?
True
Is 128896766 composite?
True
Is 187582439 composite?
True
Is 36792779 a prime number?
False
Is 41687693 prime?
False
Is 20575983 a composite number?
True
Is 13008355 prime?
False
Is 30431887 composite?
True
Is 35032913 a composite number?
False
Is 2564627 composite?
True
Is 3869935 composite?
True
Is 11307566 a composite number?
True
Is 13798397 a composite number?
True
Is 642989 prime?
False
Is 14499031 prime?
True
Is 8577671 a prime number?
True
Is 348227 composite?
True
Is 5021161 a composite number?
True
Is 13139603 prime?
False
Is 284263761 prime?
False
Is 224387 a prime number?
False
Is 2289889 composite?
True
Is 173416627 a prime number?
False
Is 24234961 composite?
False
Is 16773431 prime?
True
Is 518933 a composite number?
False
Is 9837673 a composite number?
False
Is 66637723 a prime number?
False
Is 19020271 prime?
True
Is 4974071 a prime number?
True
Is 806861 prime?
False
Is 521331667 prime?
False
Is 3278947 composite?
True
Is 5657317 composite?
False
Is 7459841 a composite number?
False
Is 1984543 a prime number?
False
Is 141246613 a prime number?
True
Is 260263 composite?
False
Is 2622086 prime?
False
Is 89114227 composite?
False
Is 98092019 composite?
False
Is 387078067 prime?
True
Is 11727827 composite?
True
Is 11418794 composite?
True
Is 73821299 a prime number?
True
Is 267497449 a composite number?
False
Is 750599 a composite number?
False
Is 4479581 prime?
True
Is 3746767 a prime number?
True
Is 36367459 prime?
True
Is 3968591 a prime number?
False
Is 150129691 a composite number?
True
Is 5467199 prime?
False
Is 11700863 prime?
False
Is 1294322 prime?
False
Is 266391353 a composite number?
False
Is 886686971 composite?
False
Is 29753453 composite?
True
Is 567764753 a composite number?
False
Is 507319 a prime number?
False
Is 210911849 a prime number?
True
Is 2810099 a composite number?
True
Is 2347129 composite?
False
Is 148415291 composite?
False
Is 18983879 a composite number?
True
Is 12692947 a prime number?
False
Is 27271843 prime?
True
Is 4102295 a composite number?
True
Is 7130197 a prime number?
True
Is 213875081 a composite number?
True
Is 7669313 composite?
True
Is 14538701 a prime number?
True
Is 2035879 composite?
False
Is 10567343 a prime number?
True
Is 110137193 a prime number?
False
Is 100288549 a prime number?
False
Is 8381915 composite?
True
Is 14087459 a prime number?
True
Is 47321753 composite?
True
Is 36314521 a composite number?
True
Is 126984077 composite?
True
Is 119992193 composite?
False
Is 11918231 prime?
False
Is 177029 prime?
False
Is 17602423 prime?
True
Is 3149515 composite?
True
Is 18178397 a prime number?
True
Is 3813751 a composite number?
False
Is 7121983 prime?
False
Is 2636369 a composite number?
False
Is 90084439 composite?
True
Is 146937631 composite?
False
Is 88124333 composite?
True
Is 1594217 a composite number?
True
Is 23823773 composite?
False
Is 31661569 a prime number?
False
Is 7249651 a composite number?
True
Is 121268209 composite?
True
Is 17716631 composite?
False
Is 2928127 composite?
True
Is 10264781 a composite number?
False
Is 2800769 prime?
True
Is 5092509 a composite number?
True
Is 270802429 a prime number?
True
Is 9281087 prime?
False
Is 1311257 a composite number?
True
Is 6077213 prime?
False
Is 11414453 composite?
False
Is 850429 composite?
True
Is 78622183 a composite number?
False
Is 28043 composite?
True
Is 27444371 a composite number?
True
Is 3559597 a composite number?
False
Is 13814627 composite?
True
Is 4798187 prime?
False
Is 1813729 a prime number?
True
Is 878228971 a composite number?
False
Is 266837459 a composite number?
True
Is 2383783 a composite number?
True
Is 2945933 a prime number?
True
Is 537398153 prime?
True
Is 5995559 a composite number?
True
Is 3824173 a composite number?
False
Is 3251279 composite?
False
Is 2456263 prime?
False
Is 1445557 a prime number?
True
Is 7527251 a composite number?
False
Is 5147041 a prime number?
True
Is 87201247 composite?
True
Is 4934899 composite?
False
Is 2974243 composite?
True
Is 3024253 a composite number?
True
Is 333955 prime?
False
Is 368273 composite?
False
Is 45638623 a composite number?
False
Is 334500949 a composite number?
False
Is 4520831 prime?
False
Is 3530821 a prime number?
False
Is 529973 composite?
False
Is 151867 a prime number?
False
Is 20843269 a prime number?
False
Is 27624319 composite?
True
Is 226831691 composite?
False
Is 57939373 prime?
False
Is 1821331 prime?
True
Is 127390555 prime?
False
Is 1241533 composite?
True
Is 94068739 prime?
True
Is 25087523 a prime number?
False
Is 1566997 a prime number?
True
Is 510347 a composite number?
True
Is 3937971 prime?
False
Is 67963442 a composite number?
True
Is 113068079 composite?
False
Is 25752659 prime?
False
Is 431717093 a prime number?
True
Is 2473517 composite?
True
Is 23791 prime?
False
Is 97888801 a composite number?
False
Is 667673 a composite number?
False
Is 391641 prime?
False
Is 745868131 composite?
False
Is 26315503 a prime number?
True
Is 24133 prime?
True
Is 3163459 a prime number?
False
Is 6561761 composite?
False
Is 19098553 a composite number?
True
Is 2576363 composite?
False
Is 15962329 composite?
False
Is 79804211 a prime number?
True
Is 34517143 a prime number?
False
Is 1160856397 composite?
True
Is 1309787 a prime number?
False
Is 44044627 prime?
False
Is 59145701 a prime number?
False
Is 8611319 a prime number?
False
Is 21683951 a prime number?
True
Is 3480811 a prime number?
False
Is 290437009 a composite number?
False
Is 24494699 composite?
False
Is 111863503 composite?
True
Is 1391678 a composite number?
True
Is 15607799 composite?
False
Is 875796499 composite?
False
Is 17318263 composite?
True
Is 15245459 composite?
True
Is 7849351 composite?
False
Is 154905493 a composite number?
False
Is 60615551 prime?
True
Is 61943831 a composite number?
False
Is 1602613 composite?
True
Is 4350043 a composite number?
False
Is 628093 a composite number?
False
Is 59194723 prime?
False
Is 7987571 composite?
True
Is 55883419 a composite number?
True
Is 219929471 composite?
False
Is 113156669 composite?
False
Is 3723679 composite?
False
Is 16730081 a composite number?
False
Is 1293573 prime?
F